rime number?
False
Let u(j) = 8*j**2 - j + 1. Let f(v) = -v**2 - 9*v - 3. Let l be f(-8). Let n be u(l). Let x = n - -105. Is x prime?
False
Is (-2)/(-8)*(8 - 766040)/(-12) composite?
False
Let g(m) = m**3 + m**2 + m - 1. Let t be (-3 - -8) + -2 - -2. Let f(o) = 6*o**3 + 9*o**2 - 2*o. Let v(q) = t*g(q) - f(q). Is v(-6) composite?
True
Let w(m) = 3797*m**2 - 14*m - 8. Is w(3) a prime number?
True
Let y = -4497 + 3134. Let w = y + 2010. Is w a composite number?
False
Let c(d) = -d**3 - 9*d**2 + 5*d - 3. Let i be c(-14). Let m = i + 262. Is m a prime number?
False
Let f = -2421 - -1269. Let s = -451 - f. Is s a prime number?
True
Let t(m) = 72*m**2 - 14*m + 173. Is t(9) a composite number?
False
Let m be 8/(-4) - 2/2. Let p(r) = r - 2. Let q be p(m). Is 2/q - 1911/(-15) composite?
False
Let g be (-4)/5 - (-2 + (-70)/25). Suppose 0 = 4*t, g*y - 3684 = 4*t - 6*t. Is y a prime number?
False
Suppose 0 = -4*d - 2*s + 30, 4*s = -0 - 4. Suppose -4*l - d*l = -23628. Is l a prime number?
False
Let r(w) = 151*w**2 + w + 1. Let b be r(2). Let o = b + -360. Is o prime?
False
Let h be (1 - 5) + 0 + 1 + 8. Let m(t) = 0*t**2 + 4 + 3*t - 2*t**2 + 0*t + t**3. Is m(h) composite?
True
Let t(c) = -c**2 + 12*c - 10. Let o be t(7). Suppose -o*v - 1139 = -26*v. Is v a prime number?
False
Let n = -8514 - -29540. Is n a prime number?
False
Suppose 0 + 15 = 5*c. Let m be (-12)/2 + (c - 6). Is m/(-6)*(-894)/(-9) a prime number?
True
Suppose 0 = 32*d - 34*d + 1508. Let n = d - 459. Is n composite?
True
Suppose 7309 - 170 = 11*x. Is x composite?
True
Suppose -9 = -4*y + 15. Let s(x) = 27*x + y*x - 5 + 4*x. Is s(6) composite?
True
Let g be (-1)/(-3 - (-5241)/1746). Let v = 581 - g. Is v a prime number?
True
Suppose -19333 = 59*m - 65766. Is m a prime number?
True
Let x = -9 - -13. Suppose 5*h - 3*n = -5*n + 43025, -x*n - 43025 = -5*h. Is h a prime number?
False
Let w = -11 - -16. Suppose -3*k - w*n + 152 = k, 23 = k + 5*n. Is k composite?
False
Suppose 4*u - 3*j = 188, 4*u + j - 39 = 165. Let n be 20/6*60/u. Suppose l - t - 339 = -5*t, -2*l - n*t = -678. Is l prime?
False
Suppose -5*b = -3*b - 876. Suppose 6*l - 10 = 8. Suppose l*m - 441 = b. Is m prime?
True
Suppose 4*l - 5*s + 13 = 0, 0 = 4*l + 3*s - 15 - 12. Is (-1)/(12/(-2540))*l composite?
True
Let l be (-12)/18 - ((-13)/(-3))/1. Let c(t) = 4*t**2 + 16*t + 3. Is c(l) prime?
True
Suppose -57827 = -2*f - 3*z, 4*z = -75*f + 77*f - 57806. Is f composite?
False
Suppose -176008 = -5*r + y, r = 4*r + 2*y - 105597. Is r a composite number?
False
Let x = 57 - -109. Suppose 10*u = 12*u - x. Is u a composite number?
False
Let w(f) = 27*f**2 - 3*f + 2. Let y be w(-6). Suppose 4*i = 124 + y. Suppose -3*m + 0*m = -i. Is m a prime number?
False
Let g(v) = -112*v**3 + 3*v**2 - 13*v - 73. Is g(-6) a prime number?
False
Let r be 8*5/(-10) + 9. Suppose r*n = 10, -109 + 610 = k + 5*n. Is (1*k)/(8/8) a prime number?
True
Let v be 25*1*(-12)/10. Let a = 208 - 111. Let o = v + a. Is o a prime number?
True
Let f(a) = 451*a**2 - 19*a - 9. Is f(-4) a prime number?
True
Is (-4)/(-16)*((-3 - 1) + 26400) composite?
False
Let m(t) = -t**3 - t**2 - t + 5. Let q be m(0). Suppose -5*c = 3*o - 10, o = 4*c + q + 4. Suppose -2*l = -4, 7*x - 4*x = -o*l + 619. Is x prime?
False
Let b be 5/(-15) + (-23)/3. Let j(m) = -5*m**2 + 5*m + 2. Let h be j(b). Let z = -171 - h. Is z a prime number?
False
Let u be 3/(17/14 + 16/56). Is 12/(-60)*(-21110)/u a prime number?
True
Let a = -677 + 738. Let v = -85 - -47. Let y = v + a. Is y prime?
True
Suppose 5*q + 20 = -2*g + 7*g, -g + 2*q = -7. Is (-446)/(g + 0 + -3) composite?
False
Let q = 23 + -19. Suppose 4*n = -q*h + 2176, -2*n = -0*n - 6. Is h composite?
False
Let v(i) = -i. Let h(k) = 300*k**2 + 5*k + 1. Let x(m) = h(m) - v(m). Is x(3) composite?
False
Let z(t) = -3*t - 6. Let y be z(-1). Is ((-3708)/8 - 1)/(y/6) composite?
False
Let x(i) = -i**2 - 3*i + 4. Let v be x(-4). Suppose v = 6*j - 3*j - 171. Suppose 0 = -t - 4 + j. Is t composite?
False
Let t(x) = -3*x - 10. Let n(z) = -z - 1. Let q(l) = 6*n(l) - t(l). Is q(-5) a composite number?
False
Suppose -379 = 7*n - 1205. Suppose 7*g = -13 + n. Is g a prime number?
False
Suppose -78798 = -5*h - 11963. Is h a prime number?
True
Is (3 - (4 - -4)) + 25400/2 a prime number?
False
Let p = -30 + 31. Suppose -2*v - 1898 = -4*g, v + p = -2. Is g a composite number?
True
Let l(d) be the third derivative of -13*d**4/24 - 26*d**3/3 + 16*d**2. Is l(-21) a composite number?
True
Let v be (1 + -4 + 3)/(-3). Suppose v = -4*s + 6*s - 598. Is s a prime number?
False
Let d be 13/5 + 8/20. Let n(r) = -3*r**2 - d + 10 - 4*r + 8*r**2. Is n(-6) a composite number?
False
Suppose 3*o = w - 0*o + 10, -w = 5*o - 6. Let h be 3/(6/w)*-1. Suppose -h*i - 3*i + 425 = 0. Is i a composite number?
True
Let u be (-8)/(-3) - 8/12. Suppose -u*q = -27 + 7. Is q composite?
True
Let g = 83 - 82. Is (g - 0)*3*633/9 a composite number?
False
Suppose -4*w + w - 2*a = -54, -4*w + 2*a = -72. Suppose y = -w + 80. Suppose -2*t = -2*c + y, -66 + 199 = 4*c - t. Is c prime?
False
Suppose 82387 = 14*c - 173295. Is c a prime number?
False
Let h(q) = -32 - 3*q + 32 + q**2. Let n be h(3). Suppose n*g - 2*g = -466. Is g a prime number?
True
Suppose -22*b + 125147 - 1353 = 0. Is b a composite number?
True
Suppose 0 = -4*k + 19 + 1. Suppose 2*o + 2*g - 1107 = g, -4*o - k*g + 2217 = 0. Is o a composite number?
True
Is (4/8)/((-10)/(-56380)) a composite number?
False
Suppose -29583 = -p + 18390. Is p prime?
False
Suppose 1 = 3*j - 11. Is 1317/12*j - 0 composite?
False
Suppose 8*h - 7*h - 2*o = 8575, 4 = -4*o. Is h composite?
False
Let o(m) = 296*m - 5. Let n be 12/42 + (-48)/(-28). Is o(n) composite?
False
Suppose -4*q - 7*m + 9636 = -9*m, q + 2*m - 2399 = 0. Is q composite?
True
Let y(h) = -h - 12. Let p be y(-14). Let x be (-6)/p + 9/3. Suppose -5*z + 4*z + 58 = x. Is z prime?
False
Let x = -6 - -11. Suppose -4*l + 4*y = -0*l + 8, -3*y = 2*l - 6. Suppose 3*k - x*k + 158 = l. Is k a prime number?
True
Suppose 2*h + 661301 = -4*c + 124659, 134144 = -c + 5*h. Is (-2)/(-3)*1 - c/69 a composite number?
True
Suppose 10 = 4*t - x, -3*x = -5*t + 1 + 8. Suppose l - 3*n - 1880 = 0, l + t*n = -0*n + 1850. Is l prime?
False
Let q(y) = -23*y**3 - 2*y**2 - 5*y - 6. Is q(-4) composite?
True
Suppose 5*y - 176 = -4*s, -2*y - 2*s + 70 = -0*y. Let p = 31 + y. Is p composite?
False
Let n(m) = -m**3 - 8*m**2 - 11*m + 8. Let x be n(-6). Is (4 - 22/6)/(x/3756) a composite number?
True
Let w = 206 - -205. Let z = -272 + w. Is z composite?
False
Is (10/(-10) + 129/(-2))*-10 a composite number?
True
Let a be -1*(-2)/(-1) + 9. Let r(z) be the first derivative of 5*z**2 + 17*z - 9. Is r(a) a prime number?
False
Let y(u) = -34*u + 3. Let z be y(6). Let w be (-5*(92/10 - 2))/(-1). Let s = w - z. Is s prime?
False
Let g(x) = 3*x - 3. Let i be g(3). Let u be i*1*1/2. Suppose 2*k - 591 = -2*r + u*r, 4*k = 5*r + 1185. Is k a composite number?
True
Suppose 5*o + 2931 = 6*o. Suppose -8*h = -11*h + o. Is h a composite number?
False
Let i be ((-76)/(-28) + -1)*(-95606)/(-4). Is ((-18)/(-14) - 1) + i/14 a prime number?
True
Is 0/(-7 + 11) + 3640 + 1 prime?
False
Suppose -6*c - 940 = -37954. Is c prime?
False
Let w = 117 + -177. Suppose -i + 452 = 3*i. Let b = w + i. Is b a prime number?
True
Let c(p) be the third derivative of -p**6/60 + p**5/60 + p**4/8 - p**3/6 - 13*p**2. Is c(-4) composite?
False
Let a be 652/((12/25)/6). Suppose -5*c = -a - 315. Is c a prime number?
True
Suppose -8*h + 1500 = -508. Is h a prime number?
True
Let l = -17 - -17. Is (-18)/(-6) - ((-1 - l) + -643) prime?
True
Let j = 818 + 3827. Is j a composite number?
True
Let m be ((-8)/(-20))/((-2)/(-1070)). Suppose -245 + 8 = 3*s. Let z = m - s. Is z prime?
True
Let o be (-25)/(-10)*(-4)/5. Is 352 + -10*o/(-4) a prime number?
True
Let x(n) = -10039*n + 40. Is x(-3) prime?
False
Suppose 2*n - 115891 = -3*h + 4*n, 3*h - 3*n = 115887. Is h a composite number?
True
Let y = 0 + 2. Suppose y*c - 4*z = -c + 386, 2*z + 132 = c. Is c a prime number?
False
Let u(a) = 4*a**2 + a - 5. Suppose 6 = 5*m + 66. Let h = -6 - m. Is u(h) composite?
True
Suppose 2*i = t + i - 4721, 0 = 4*t - 5*i - 18884. Is t prime?
True
Let w(f) be the second derivative of -1/10*f**5 + f**3 - 5/2*f**2 - 1/3*f**4 + 0 + 7*